*m, -m = -i*t + 1. Suppose -u + j + 12 = t, 2*j = -5*u - 2*j + 69. What are the prime factors of u?
13
Let j be ((-2)/(-3))/((-1)/75). Suppose 3*u + 2*u + i = 630, -115 = -u + 2*i. Let d = j + u. What are the prime factors of d?
3, 5
Suppose 5*d - 5*x + 105 = 0, 60 = -5*d - 5*x - 55. Let u(v) = -3*v - 53. What are the prime factors of u(d)?
13
Let x(o) = -o. Let f be x(-14). Let c(k) = k - 9 + 11 + f. What are the prime factors of c(-5)?
11
Let o = -6 - -3. Let y be 1/(o/(-48)*2). Let s(i) = i**3 - 9*i**2 + 10*i + 1. List the prime factors of s(y).
17
Let v = 1524 + -650. What are the prime factors of v?
2, 19, 23
Let g be 32*(-2)/(-4) - -1. Let w = g + -13. Suppose 0 = 2*i - 3*i + l + 14, -w*i = -2*l - 66. What are the prime factors of i?
19
Let l(f) = -63*f + 79. List the prime factors of l(-27).
2, 5, 89
Suppose 23 = l + 5*u - 2*u, u = 4*l - 79. Suppose l*q = 21*q - 2. Suppose v = -5*g + 37, v + 3*v = -q*g + 148. What are the prime factors of v?
37
Let d = 12741 + -9031. What are the prime factors of d?
2, 5, 7, 53
Suppose 990*h - 987*h - 7323 = 0. What are the prime factors of h?
2441
Let p be (-25)/(-6) - 8/48. List the prime factors of (7 - p) + 0 + 1.
2
Let h = -668 - -956. Suppose 11*k - h = 8*k. List the prime factors of k.
2, 3
Let r be (2 + (-33)/9)/(3/(-36)). Suppose 11*j = r*j - 2331. List the prime factors of j.
7, 37
Let m(z) = -z**2 - 16*z - 12. Let q be m(-15). What are the prime factors of q*((-40)/(-12) + 3)?
19
Let x = -2732 + 5764. What are the prime factors of x?
2, 379
Let m(x) = -x**2 - x + 4. Let w be m(0). Suppose w*v + 0 - 12 = 0. List the prime factors of v.
3
Suppose -9*c = 9*c - 11160. What are the prime factors of c?
2, 5, 31
Let w(v) be the first derivative of v**4/4 - 4*v**3/3 + 3*v**2/2 - 10*v + 14. Let j be w(4). What are the prime factors of ((-1298)/(-44))/(1/j)?
59
Let u = -253 - -245. Let c(k) = -3*k - 6*k + 17 - k**2 + 0*k. What are the prime factors of c(u)?
5
Suppose -5029 = -7*w - 647. List the prime factors of w.
2, 313
Let m be 100/6*(-2 - -5). Let r = 45 + -40. Suppose -40 = -r*x + m. What are the prime factors of x?
2, 3
Let k(b) = 16*b + 529. What are the prime factors of k(0)?
23
Let d(g) = 9 + 21*g - 26*g + 28*g. What are the prime factors of d(5)?
2, 31
Suppose 7*t - 3*t + q = 8, 3*t + 2*q - 1 = 0. List the prime factors of 1*-1*1 + t + 40.
2, 3, 7
Suppose -3*a + 577 = -2*b + 1680, 555 = b + 2*a. List the prime factors of b.
7, 79
Let n(l) = -12*l + 1. Let v be n(-1). Let d(b) = -v*b + 1 + 28*b**2 - 16*b**2 + 8 - b**3 - 5. List the prime factors of d(10).
2, 37
Let s = 2472 - -2005. What are the prime factors of s?
11, 37
Let i = 22 + 48. List the prime factors of i.
2, 5, 7
Let s be 2/(1*(-4)/6). Let m be (-89)/s - 2/(-6). Suppose -4*a + a = -m. List the prime factors of a.
2, 5
Suppose 2*o = 2*f - o - 415, 0 = -3*f + 3*o + 627. Suppose f = 6*k - 334. List the prime factors of k.
7, 13
Suppose 5*a - 84 = -2*m - 17, 0 = 2*a + 4*m - 30. Let j = 15 - a. Suppose 0 = -j*l + 3*f + 79, 2*l - 6*l = 5*f - 191. What are the prime factors of l?
2, 11
Let r be 408/12 + 4 + 0. Let q = r + -7. List the prime factors of q.
31
Let u(h) = -h**3 + 4*h**2 + 5*h - 20. Let g be u(4). Suppose g = -4*f - 0*f + 1024. List the prime factors of f.
2
Suppose v = -4*v, -5*l - 5*v = -45. Suppose -74 = 7*i - l*i. List the prime factors of i.
37
Suppose 3024 = 9*p + 12*p. List the prime factors of p.
2, 3
Suppose -4*o + 1384 = 4*o. List the prime factors of o.
173
Suppose 5*f + 1 - 24 = -3*z, 4*f - 3*z - 13 = 0. Suppose 5*r = -2*h + 722, f*h = r + 84 - 224. List the prime factors of r.
2, 3
Let q = 27 - 32. What are the prime factors of (-1)/q - (0 - (-3620)/(-25))?
5, 29
Let n = -8 + 8. Suppose 4*h - 16 = n, -4*z + 3*h = h. Suppose -2*l = -3*v - z, 0 = 4*l - v - v - 12. What are the prime factors of l?
2
Suppose -24*i + 5009 - 1145 = 0. List the prime factors of i.
7, 23
Suppose 1834 = -12*v + 8254. What are the prime factors of v?
5, 107
Suppose j = -1 + 7. Let u(v) = -19*v + j - 8 + 3. What are the prime factors of u(-1)?
2, 5
Let r(z) = 495*z - 33. List the prime factors of r(1).
2, 3, 7, 11
Let n(g) = -48*g**3 - 3*g**2 - 26*g - 72. What are the prime factors of n(-3)?
3, 5, 17
Let c be ((-32)/(-40))/((-2)/20). What are the prime factors of (-770)/c + 25/(-20)?
5, 19
Let o(c) = c**3 - 6*c**2 - 12*c + 8. Let i be o(8). Let f = -10 + i. What are the prime factors of (-1 - (-24)/15)*f?
2, 3
Let x = -274 - -351. List the prime factors of x.
7, 11
Let j(d) = -5*d**2 + 5*d + 2. Let q(k) = 11*k**2 - 5 + 0 - 11*k + 1. Let s(i) = -9*j(i) - 4*q(i). List the prime factors of s(3).
2
Let x be (-2)/((-1)/(35/10)). List the prime factors of ((-1 - 4) + x)/((-2)/(-173)).
173
Let j be (-8)/(-1)*(6 - (-26)/(-4)). List the prime factors of (1970/40)/(3/j - -1).
197
Let y = 556 + -303. Suppose 0 = -2*a - 5*s + y, -2*a - 2*s = a - 396. What are the prime factors of a?
2, 67
Suppose -4*g - 1156 = -p - 0*p, -2*p + 5*g = -2309. What are the prime factors of p?
2, 3
Let b(d) = -473*d - 3. Let c be b(-1). Suppose 5*g = -5*m + c, -465 = -0*m - 5*m - 4*g. List the prime factors of m.
89
Suppose 27*f - 21*f - 3624 = 0. What are the prime factors of f?
2, 151
Suppose 5*q = 5*t - 3*t - 278, -2*t + 3*q = -278. Let j = -77 + t. Suppose 0*k - 2*k + 4 = 0, j = 2*u - 3*k. What are the prime factors of u?
2, 17
Let u = -1412 - -2880. Suppose 3*f + 4*s = 4*f - 386, 4*f + 3*s = u. What are the prime factors of ((-1)/(-2))/(5/f)?
37
Let g = -38 + 58. What are the prime factors of (-3 + 10)/(-3 + g/6)?
3, 7
Let k be 19/(-1) + 2 + -1. Let a be 261/(-30)*4 + (-11)/55. Let x = k - a. List the prime factors of x.
17
Let w(v) = 2*v + 9. Let h be w(-10). Let a = -6 - h. Suppose -2*y = 1 - 3, -4*r = a*y - 121. What are the prime factors of r?
29
Let j = -2179 - -5676. List the prime factors of j.
13, 269
List the prime factors of (-1)/((-21385)/3563 - -6).
509
Suppose 13*k + 658 = 3102. What are the prime factors of k?
2, 47
Suppose -2*j - 2*u + 3249 = -3*u, 1622 = j - u. List the prime factors of j.
1627
Suppose 5452 - 56 = 4*i. What are the prime factors of i?
19, 71
Suppose 66*p + 6 = 68*p. Suppose n = p*s + 68, -58 = 2*n - 3*n + 5*s. List the prime factors of n.
83
Let a be (3 + -1)/((-18)/(-54)). What are the prime factors of 8*(-1)/a + (-619)/(-3)?
5, 41
Let k(w) = -w**2 - 9*w + 3. Let x be k(-10). Let r(c) be the first derivative of -c**4/4 - 2*c**3 + 5*c**2/2 + c - 4. List the prime factors of r(x).
3, 5
Let w = 92 + 220. Suppose -17*v = -14*v - w. List the prime factors of v.
2, 13
Let z(t) = t**3 + 7*t**2 - 2*t - 2. Suppose 24 + 36 = -6*p. Let x be (-150)/20*(-8)/p. List the prime factors of z(x).
2, 23
Let k(t) = 13*t**2 + t - 2. Let i be k(-3). Suppose -3*p = -i - 233. What are the prime factors of p?
5, 23
Let m(u) = -66*u + 209. What are the prime factors of m(-7)?
11, 61
Suppose -4*v + 62 = -3*x, 5*x + 2*v + 53 = -7. Let m = 20 + x. Suppose -m*u + 7 = -101. List the prime factors of u.
2, 3
Let o = -1490 - -1563. List the prime factors of o.
73
What are the prime factors of -4*(166/(-4))/((-5)/(-20))?
2, 83
Let z(g) be the first derivative of g**4/4 - 11*g**3/3 + 5*g**2/2 - 15*g - 10. What are the prime factors of z(11)?
2, 5
Let w = 37 - -2. Suppose -t + 3*d - 13 = 0, -3*d = 3*t - 6*t - 9. Let u = w + t. What are the prime factors of u?
41
Suppose 0 = -25*h + 3259 + 466. List the prime factors of h.
149
Let v(x) = -x**2 - 5*x + 2. Let b be v(0). Let h(r) = 3*r + 11. Let n(p) = p + 4. Let u(t) = 4*h(t) - 11*n(t). List the prime factors of u(b).
2
Let c be (9/(-6))/(8/176). Let r = c + 74. What are the prime factors of r?
41
Let g(j) be the first derivative of -j**4/4 - 4*j**3/3 + j**2 + j - 9. List the prime factors of g(-6).
61
Let k = -86 + 82. What are the prime factors of (0 - 216/30)/(k/70)?
2, 3, 7
Let w(d) = -4*d + 26. Let l be w(6). Suppose -456 = -l*n + 4*o, n - 4*o = 230 - 2. What are the prime factors of n?
2, 3, 19
Let i be (72/(-27))/((-2)/24). Let t = i - 30. Suppose 3 = t*g - 73. What are the prime factors of g?
2, 19
Suppose 1857 = 2*u + 295. What are the prime factors of u?
11, 71
Let m be 3/(4 + 11/(-3)). Suppose 0 = -7*n + 3*n - 3*i + m, -3*n + 5*i - 15 = 0. Let c = 2 - n. What are the prime factors of c?
2
Let v = -2 - -13. L